der when 951877 is divided by 950851?
1026
Calculate the remainder when 532164708 is divided by 37.
35
Calculate the remainder when 1997959 is divided by 399591.
4
Calculate the remainder when 23125 is divided by 22701.
424
What is the remainder when 1921695 is divided by 26690?
15
What is the remainder when 390266 is divided by 35460?
206
Calculate the remainder when 3915781 is divided by 236.
69
Calculate the remainder when 19612170 is divided by 6537385.
15
What is the remainder when 2641385 is divided by 27804?
5
What is the remainder when 2764235 is divided by 2536?
2531
Calculate the remainder when 3368 is divided by 61.
13
Calculate the remainder when 6896301 is divided by 2580.
2541
Calculate the remainder when 1527255 is divided by 235.
225
What is the remainder when 4515435 is divided by 60?
15
Calculate the remainder when 4954410 is divided by 707698.
524
Calculate the remainder when 112646 is divided by 1130.
776
Calculate the remainder when 102119 is divided by 2406.
1067
What is the remainder when 55310 is divided by 656?
206
Calculate the remainder when 6606773 is divided by 16313.
8
Calculate the remainder when 83278 is divided by 2051.
1238
What is the remainder when 110360 is divided by 127?
124
What is the remainder when 2307421 is divided by 2616?
109
Calculate the remainder when 6713 is divided by 6362.
351
Calculate the remainder when 9176908 is divided by 49338.
40
Calculate the remainder when 327861 is divided by 2036.
65
Calculate the remainder when 6361767 is divided by 454.
319
What is the remainder when 106864413 is divided by 437?
433
Calculate the remainder when 6519125 is divided by 11377.
104
Calculate the remainder when 691283 is divided by 94.
7
What is the remainder when 7031751 is divided by 13471?
13360
What is the remainder when 8242700 is divided by 36?
32
Calculate the remainder when 785841 is divided by 1078.
1057
What is the remainder when 48086 is divided by 1201?
46
What is the remainder when 3320586 is divided by 1145?
86
Calculate the remainder when 10629939 is divided by 10.
9
Calculate the remainder when 4886379 is divided by 10.
9
Calculate the remainder when 512216 is divided by 50798.
4236
Calculate the remainder when 9643399 is divided by 1731.
1729
Calculate the remainder when 4225439 is divided by 2434.
15
What is the remainder when 8662057 is divided by 22?
19
Calculate the remainder when 1130495 is divided by 721.
688
Calculate the remainder when 52262491 is divided by 18.
13
What is the remainder when 35524428 is divided by 17762201?
26
What is the remainder when 54968305 is divided by 54968295?
10
What is the remainder when 232844915 is divided by 236631?
11
What is the remainder when 2528259 is divided by 1706?
1673
Calculate the remainder when 2785547 is divided by 2526.
1895
What is the remainder when 3837585 is divided by 21439?
4
What is the remainder when 7642371 is divided by 1?
0
Calculate the remainder when 321329 is divided by 268.
265
What is the remainder when 572007 is divided by 28593?
147
Calculate the remainder when 25942 is divided by 8136.
1534
Calculate the remainder when 4996973 is divided by 113.
0
Calculate the remainder when 13839522 is divided by 783.
780
What is the remainder when 3667926 is divided by 5549?
37
Calculate the remainder when 69793 is divided by 34810.
173
Calculate the remainder when 617786 is divided by 45.
26
What is the remainder when 109340 is divided by 3918?
3554
Calculate the remainder when 625620 is divided by 266.
254
Calculate the remainder when 14101346 is divided by 6315.
6266
Calculate the remainder when 322499 is divided by 5380.
5079
Calculate the remainder when 43592709 is divided by 63.
48
What is the remainder when 110913932 is divided by 27?
11
What is the remainder when 5849103 is divided by 11?
7
What is the remainder when 569102 is divided by 556?
314
Calculate the remainder when 2039836497 is divided by 8850.
8847
What is the remainder when 154665502 is divided by 1434?
1432
Calculate the remainder when 1131582 is divided by 565446.
690
Calculate the remainder when 185335 is divided by 8665.
3370
Calculate the remainder when 427713 is divided by 1798.
1587
Calculate the remainder when 940642 is divided by 106.
104
Calculate the remainder when 19991 is divided by 1238.
183
Calculate the remainder when 35357361 is divided by 29.
10
What is the remainder when 36335 is divided by 8057?
4107
What is the remainder when 207435 is divided by 25626?
2427
Calculate the remainder when 1881579 is divided by 6.
3
What is the remainder when 2186239 is divided by 1708?
1707
Calculate the remainder when 335385 is divided by 943.
620
What is the remainder when 5925285 is divided by 451?
47
What is the remainder when 113495840 is divided by 601?
596
Calculate the remainder when 93093 is divided by 969.
69
Calculate the remainder when 2380001 is divided by 7.
1
What is the remainder when 37345 is divided by 1948?
333
Calculate the remainder when 179587 is divided by 9943.
613
What is the remainder when 53572805 is divided by 478?
477
What is the remainder when 8059656 is divided by 144?
120
What is the remainder when 3906488 is divided by 651077?
26
Calculate the remainder when 19931 is divided by 9915.
101
Calculate the remainder when 2863660 is divided by 6917.
22
Calculate the remainder when 87408541 is divided by 1649.
1647
What is the remainder when 81809080 is divided by 54?
52
Calculate the remainder when 10594920 is divided by 220727.
24
Calculate the remainder when 637272 is divided by 5181.
9
Calculate the remainder when 69611066 is divided by 1406.
6
What is the remainder when 2216401 is divided by 69262?
17
What is the remainder when 6516413 is divided by 4557?
4460
Calculate the remainder when 1172875 is divided by 49.
11
Calculate the remainder when 1760602 is divided by 879478.
1646
What is the remainder when 315354 is divided by 360?
354
Calculate the remainder when 183766 is divided by 326.
228
Calculate the remainder when 6918066 is divided by 2523.
0
What is the remainder when 75854 is divided by 418?
196
What is the remainder when 1502911 is divided by 751454?
3
Calculate the remainder when 192455 is divided by 4181.
129
Calculate the remainder when 438947 is divided by 73157.
5
Calculate the remainder when 372877 is divided by 472.
469
What is the remainder when 271902 is divided by 288?
30
What is the remainder when 6650210 is divided by 1108362?
38
What is the remainder when 99640152 is divided by 77?
73
Calculate the remainder when 950795 is divided by 41.
5
What is the remainder when 21398 is divided by 356?
38
What is the remainder when 119401850 is divided by 59700919?
12
What is the remainder when 1097764 is divided by 182947?
82
Calculate the remainder when 2128479 is divided by 1367.
60
What is the remainder when 510077 is divided by 906?
905
What is the remainder when 25818205 is divided by 397203?
10
What is the remainder when 261119 is divided by 6871?
21
Calculate the remainder when 1452821 is divided by 1328.
1317
Calculate the remainder when 1529276 is divided by 173.
129
Calculate the remainder when 400163 is divided by 161.
78
Calculate the remainder when 80713 is divided by 24492.
7237
What is the remainder when 4139287 is divided by 1420?
1407
What is the remainder when 517481 is divided by 58?
5
Calculate the remainder when 7232354 is divided by 556334.
12
Calculate the remainder when 3765887 is divided by 1882942.
3
Calculate the remainder when 2095263 is divided by 1395.
1368
Calculate the remainder when 574210 is divided by 574133.
77
Calculate the remainder when 14355195 is divided by 2870898.
705
Calculate the remainder when 3261398 is divided by 209.
162
Calculate the remainder when 2077485 is divided by 1038608.
269
What is the remainder when 5333048 is divided by 2666492?
64
Calculate the remainder when 75710171 is divided by 28.
19
What is the remainder when 7596283 is divided by 170?
3
What is the remainder when 38328 is divided by 2129?
6
What is the remainder when 339415270 is divided by 13?
12
Calculate the remainder when 4003266 is divided by 120.
66
What is the remainder when 18679303 is divided by 38121?
13
What is the remainder when 1885776 is divided by 43854?
54
What is the remai